?
2
Suppose 23*i = 58 - 58. Suppose d + 0 + 2 = 0. What is the units digit of (i/(8/d))/(-1) - -2?
2
Let d(a) = -2*a + 9. Let o be 1 - -3*(-1 + 3). Let n be d(o). Let x(q) = -6*q - 10. What is the units digit of x(n)?
0
Let h(o) = 9*o - 24. Let y be h(3). Suppose -194 = y*v - 4*v. What is the hundreds digit of v?
1
Suppose 3*r = 4*b - 32717, 11*r - 4 = 7*r. What is the thousands digit of b?
8
What is the ten thousands digit of 20/5*(34 - 35 - (-12602)/4)?
1
Suppose -2*w + 3*k = 387, -w + 3*k + k - 181 = 0. What is the tens digit of (-67)/w - 2990/(-3)?
9
Let z = 36887 + -12664. What is the tens digit of z?
2
Suppose 0 = 3*p + 103*u - 104*u - 109765, 0 = 2*u - 16. What is the tens digit of p?
9
Suppose -j - 205141 = -4*r, 5*r + 3*j = 102090 + 154315. What is the units digit of r?
4
Suppose 5*l - 287 = -0*l + 4*g, -4*g = -3*l + 177. Let z be ((-5)/(-3))/(2/114). Let m = z - l. What is the units digit of m?
0
Let k be (-171)/(-3)*(-2 + 3 - 0). Let f be (-4)/12 - k/(-9). What is the units digit of (42/(-12) + 5)/(f/548)?
7
Let h = 2381 - 1255. What is the tens digit of h?
2
Let g be (-15)/(-6)*60/25. Suppose 0 = g*w + w - 3255. What is the tens digit of w?
6
What is the units digit of (-5 - 1)*-5*12381/45?
4
Let k be (-12)/(-1) + -3 + 18/9. Suppose -14*s = k*s - 25175. What is the hundreds digit of s?
0
Let i(k) = 3*k**3 - 76*k**2 - 66*k + 137. What is the thousands digit of i(35)?
3
Let t(l) = -l**2 + 14*l - 14. Let x = -34 - -45. Let v be t(x). Let b = 20 + v. What is the units digit of b?
9
Suppose -5*y - 77544 = -2*g, 3*g - 542*y - 116280 = -539*y. What is the thousands digit of g?
8
Let d(f) be the third derivative of f**5/60 + f**3/6 + 2*f**2. Let u(r) = -4*r**2 - 3*r - 7. Let p(n) = 5*d(n) + u(n). What is the units digit of p(-3)?
6
Let z(b) be the third derivative of -b**6/20 - 11*b**5/60 - 3*b**4/8 + 7*b**3/3 + 165*b**2. What is the hundreds digit of z(-6)?
9
Let k(q) = 5*q**2 + 81*q + 160. Let f be k(-14). Let d(j) = 20*j + 49. Let a(r) = -39*r - 98. Let u(m) = -4*a(m) - 7*d(m). What is the hundreds digit of u(f)?
1
Suppose -439 = -5*l - 419. Suppose -11*g - l*g + 5865 = 0. What is the units digit of g?
1
Suppose -x = 2*q - 10 + 13, 4*q - 9 = -5*x. Suppose -13*g - 5067 = -x*f - 15*g, 2*g + 8 = 0. What is the thousands digit of f?
1
Suppose 333 = 3*r - 285. Suppose -r = -7*v + 130. Let k = 94 - v. What is the units digit of k?
6
Let q(l) be the third derivative of l**6/120 + 17*l**5/60 + 3*l**4/4 + 7*l**3/6 + 61*l**2. What is the hundreds digit of q(-13)?
4
Let q(u) = -u**2 + 17*u - 31*u + 15*u. Let s(v) = -5*v**2 + 9*v + 10. Let n(d) = -6*q(d) + s(d). What is the units digit of n(-5)?
0
Let d(o) = o**3 + 21*o**2 + 38*o + 150. Let h(u) = -2*u. Let l(q) = d(q) + 4*h(q). What is the tens digit of l(-17)?
9
Suppose -578*m - 2703076 = -22665462. What is the ten thousands digit of m?
3
Suppose -699*j = -694*j - 3*b - 59237, 3*j - 35548 = -4*b. What is the thousands digit of j?
1
Suppose 15572970 = 57*n + 585*n - 4582620. What is the units digit of n?
5
What is the units digit of -16 + 266355/12 + 1/(-4)?
0
Let i be 956/(((-10)/(-6))/(15/18)). Suppose -i - 1574 = -12*r. What is the units digit of r?
1
What is the thousands digit of (14100/(-24) + -5)/((-3)/(-2 - -32))?
5
What is the thousands digit of 11567/(1*(-14 - -15)/((-6)/(-2)))?
4
Suppose 384*k = -57*k + 30861621. What is the tens digit of k?
8
Suppose -9*p - 232 = -p. Let t = -25 - p. Suppose -t*x + 328 = -0*x. What is the tens digit of x?
8
Suppose 4*r - 4886 = -1438. Let j = -616 + r. What is the units digit of j?
6
Let b = 32 + -29. Let k(q) = -20*q + 2*q**b + 10*q**2 - 4*q**2 + 10*q**2 - q**3 + 25. What is the tens digit of k(-17)?
7
Suppose 5*h = 3*s - 653, -h = s + s + 141. Let d = 153 + h. What is the units digit of ((-5)/(d/9))/(2/(-200))?
5
Let g(d) = 4352*d**2 + 267*d - 1047. What is the ten thousands digit of g(4)?
6
Let u(n) = 30*n**2 - 16*n - 100. Let f be u(-5). What is the units digit of 38/(-19) + 1*f?
8
Let v be (14 - 33)/(1 - 2). Suppose n = 5*f - 22, -n - 2*f + v = 2*n. Suppose -3*u + n*o - 6*o = -81, 4*u - 136 = 3*o. What is the tens digit of u?
3
Let g = -4563 + 12461. What is the units digit of g?
8
Suppose -206446 = -5*k - 3*u, 6*u + 44320 = 3*k - 79610. What is the thousands digit of k?
1
Let k(u) = -u**2. Let d(a) = a**3 + 3*a**2 - 3*a - 2. Let g(o) = -d(o) + 4*k(o). Let z be g(-8). Suppose z*r - 37*r = 370. What is the tens digit of r?
7
Suppose -a + 2*v - 5 = 0, 5*a - 35 = -4*v - 4. Suppose 36 = -0*c + a*c. What is the units digit of (-1 + 44/12)*c?
2
Let y(a) = 493*a**3 + 10*a**2 - 15*a + 7. What is the tens digit of y(2)?
6
Suppose v = -g + 179 - 177, 2*v = -3*g + 8. Let w(z) = -3*z**3 + z**2 - 1. Let k be w(-1). What is the tens digit of k + -5 + 108 + v?
0
Suppose 5*j + 0*j - 370 = 0. Let w = 74 - j. Suppose -3*m - 3 + 280 = x, 4*m - 3*x - 365 = w. What is the tens digit of m?
9
Let x = 744 + -356. Let g = x - -68. What is the tens digit of g?
5
Suppose -14677 = -4*t + 5219. What is the units digit of t?
4
Suppose -28*u = -27*u - 5. Suppose -4*t - 400 = -a - 3*a, -a = u*t - 76. What is the units digit of a?
6
Let g(t) = -2*t - 36. Let u = 11 - 31. Let c be g(u). Suppose -m = -c*m + 255. What is the tens digit of m?
8
What is the units digit of (-20)/10*(4 + 9605/(-10))?
3
Let j = 107 + -107. Suppose j = 2*w - 4*k - 119 - 51, -4*k = -w + 93. What is the units digit of 12/21 + 13200/w?
2
Suppose -3*i + 4*i - 2 = -5*w, 3*w = -6. Suppose -136 = i*c - 688. What is the units digit of c?
6
Suppose 6*t - 9*t + 2178 = 4*p, -p = t - 727. Suppose -j = 3*b - 5*j - t, -2*b + 490 = -2*j. What is the hundreds digit of b?
2
Let d = 105695 - 31961. What is the thousands digit of d?
3
Let t(v) = 20*v**2 - 33*v - 572. Let o(r) = 10*r**2 - 16*r - 286. Let n(m) = -5*o(m) + 3*t(m). What is the tens digit of n(-12)?
8
Let t(h) = -12 - 17*h + 10 - 16 + 21*h. What is the tens digit of t(24)?
7
Suppose -3204 = 6*v - 10*v. Suppose 9*t - 7*t - i - v = 0, 797 = 2*t + 3*i. What is the units digit of t?
0
Suppose v - 7*v = -114. Suppose v*k + 5577 = 32*k. What is the units digit of k?
9
Suppose -3*m - 2 = 1, -5*r + 3*m + 13 = 0. Suppose -6*n + r*n = 0. Suppose n*t - 480 = -4*t. What is the units digit of t?
0
Let n(o) = 4*o**2 + 3*o - 5. Let h(j) = j**2 - 8*j - 5. Let d be h(9). Suppose 14 = 5*b + d. What is the units digit of n(b)?
7
Suppose 17*y - 18*y + 43384 = -4*u, -2*u = -5*y + 216812. What is the tens digit of y?
6
Suppose 24*h = 8*h + 2880. Suppose 83*z - h = 68*z. What is the tens digit of z?
1
Let f be ((-43)/(-3))/((-1)/(-3)). Suppose 181*h - 62*h + 6291 = -114*h. Let s = f + h. What is the units digit of s?
6
Let i = -5 + -10. Let r = 14 + i. What is the units digit of (2/6)/(r/(-69)*1)?
3
Let d(c) = c**2 + 9*c + 453. Let j = -104 + 104. What is the tens digit of d(j)?
5
Let q = 107 - -55. What is the tens digit of ((-108)/q)/(4/(-2778))?
6
Suppose -367 = 5*i - 4*k, 4*i + k - 57 = -338. Let l = 170 + i. What is the units digit of l?
9
Suppose 3*x + 5 - 15 = y, 4*y + 4 = 0. Suppose 0*n - x*n = 9. What is the hundreds digit of (n/(-12))/((-3)/12)*-146?
1
Let n be -87*(-4)/9*(-6)/(-4). What is the hundreds digit of (n/29)/((-2)/(-669))?
6
Suppose -5*h - 4*u = -57579 - 146249, 0 = 8*h - 4*u - 326156. What is the ten thousands digit of h?
4
Let c(x) = 48*x**3 + 2*x**2 + x + 2. Let t be c(-2). Suppose -4*g + 11094 = -47*g. Let y = g - t. What is the hundreds digit of y?
1
Let t be -4 + 4 - (0 + -16). Suppose 1 = -l + t. What is the hundreds digit of 415/3 + 10/l?
1
Suppose 0 = -48*h + 73 + 1223. Suppose -4715 - 658 = -h*j. What is the hundreds digit of j?
1
Let m = -1143 - -1154. Suppose 4*f + f = 10. Suppose -m - 33 = -f*h. What is the units digit of h?
2
Let f(n) = 4*n - 9. Let m be f(3). Suppose 0 = m*u + b + 2, u + 2 = 2*b - 3*b. What is the units digit of u + (8/12 - 624/(-9))?
0
What is the units digit of (0 - 225093/(-76)) + 3/(-4)?
1
Let f = 4667 - 2367. What is the thousands digit of f?
2
Suppose 6 = 2*s - 2. Let p be s/(-6) - (-1070)/(-6). What is the units digit of (-4)/(-8) + (-1 - p/2)?
9
Let n(j) = -2*j + 59320*j**3 - 7*j**2 - 6*j - 7 - 59321*j**3. Suppose 7*w - 4*w + 17 = 4*o, 5*w - 4*o + 31 = 0. What is the units digit of n(w)?
9
Let y(i) = i**3 + 2*i**2 - 9*i